 -6 - 15 = -m*l. What is the greatest common factor of l and 1?
1
Let m(c) = 9*c**2 - 25*c - 57. Let p be m(-3). What is the greatest common factor of 11 and p?
11
Let s(l) = 14*l**2 + 2*l + 3. Let r be s(-6). Calculate the highest common divisor of r and 10.
5
Let t = -121 - -553. What is the highest common factor of 16 and t?
16
Suppose -4*b = -5*i + 8 + 15, 4*i + 5*b - 2 = 0. Let k = 11 - 6. Suppose k*s = 3*n - 15, i*n + 3*s = 2*s + 33. What is the greatest common factor of n and 50?
10
Let h(p) = -2*p + p - 15*p**3 - 2*p**3 - 22*p**3. Let x be h(-1). What is the greatest common divisor of 5 and x?
5
Let v = -281 + 329. What is the greatest common divisor of v and 912?
48
Let b = -594 + 619. Calculate the highest common divisor of b and 800.
25
Let o be 32 + 1 + (-20)/5. What is the greatest common divisor of o and 29?
29
Suppose 446*a + 106 = 4*k + 444*a, -5 = 5*a. Suppose 0 = 4*g - 0*g + 8. Let r(t) = -117*t. Let u be r(g). Calculate the greatest common factor of u and k.
26
Suppose -i + 2 = -w - 3, -5*w = -3*i + 21. Let k be -4 + 6/2 - w. Suppose -4*v = -5*d + 57, 3*d - k*v = 28 + 5. Calculate the highest common factor of d and 36.
9
Let c be (1/(-2))/((-4)/192). Let q = -12 + c. Suppose -7*v = -10*v + q. What is the greatest common divisor of v and 4?
4
Let h(m) = m**2 + 9*m + 32. Let q be h(-4). Calculate the greatest common factor of q and 492.
12
Suppose 3*h = 2*y + 428, -5*h + 716 = -0*y - 2*y. Let u(r) = r**2 + 24*r - 76. Let q be u(4). Calculate the greatest common divisor of h and q.
36
Let d be 1*((-12)/(-3) + -5) + 6. Suppose -5*v + 65 = 5*l, 0*l = -l + v + d. What is the greatest common factor of l and 81?
9
Let t(i) = 3*i + 11. Let l(o) = -o**2 - 10*o - 8. Let k be l(-10). Let h be t(k). Let x be h*2/(-2)*1. What is the greatest common divisor of 117 and x?
13
Suppose 5*p = 3*n + 251, 2*p + 3*p - 257 = n. Let d(x) = x**2 + x + 10. Let m be d(-6). Suppose 2*s = m + p. What is the highest common divisor of s and 115?
23
Let z = 364 + 10. What is the greatest common factor of 34 and z?
34
Let x(g) = -9*g + 5. Let f be x(6). Let c = f + 82. What is the greatest common factor of c and 44?
11
Let k be (-24)/(-36) - (-310)/3. Suppose -3*y + 49 = 13. Let j be 0 + 4/y*39. Calculate the greatest common factor of j and k.
13
Let n(u) = u**3 + 3*u**2 - 11*u - 1. Let c be n(-6). Let k = c + 78. Calculate the greatest common factor of 5 and k.
5
Let f = -281 + 291. Calculate the highest common factor of f and 24.
2
Let o be (-32)/24*(1 - (-122)/4). Suppose -2*k - 96 = 3*h, 0 = -3*h - 4*k - 19 - 83. Let i be (o/(-15))/((-6)/h). What is the highest common factor of i and 98?
14
Let q = -32 - -47. Suppose 2*z + 2*z = 300. Suppose -z = -0*m - m. Calculate the greatest common factor of q and m.
15
Let a = 135 + -91. Let l = a - 26. Let f = -12 + l. What is the highest common factor of 18 and f?
6
Suppose 2*f = 3*u + 154, 2*u - 2*f + 208 = -2*u. Let y = u - -129. Suppose i + 59 = 2*v, -3*v + 87 = -0*v - 3*i. What is the greatest common divisor of v and y?
15
Let r = -386 - -674. Suppose -15*b + 3*b + r = 0. Calculate the highest common divisor of b and 6.
6
Let l = -7 - -26. Suppose 0 = -c - l + 81. What is the greatest common divisor of c and 155?
31
Let a be 10/(-15) + (-218)/(-3). Let n = 11 + -3. Calculate the greatest common divisor of a and n.
8
Let o be 1*(-5)/(-15) + 24/9. Suppose 67 = 4*b + o. What is the greatest common divisor of b and 16?
16
Let u be ((-45)/(-27))/(0 + 1 - 205/210). Suppose 10 = -2*i + 50. Calculate the greatest common divisor of i and u.
10
Suppose 2*w = 5*k + 7*w - 55, -k = -4*w - 11. Let u = 222 + -123. What is the greatest common factor of u and k?
11
Let k be 2/12 - (-16373)/42. Calculate the highest common factor of 156 and k.
78
Suppose 41*p + 432 = y + 40*p, y - 3*p - 428 = 0. Calculate the highest common factor of y and 62.
62
Let z(k) = -k**2 - 11*k. Let h be z(-10). Suppose -4*f = 2*p - 28, 0 = -p - 5*f + h + 7. Calculate the greatest common divisor of 3 and p.
3
Let q = 13834 + -13789. Let k(d) = -d**3 + d**2 + d + 15. Let a(z) = z + 3. Let f be a(-3). Let v be k(f). What is the greatest common factor of v and q?
15
Let u(s) = s**3 - 11*s**2 + 15*s + 2. Let b be u(10). Suppose 3*h - b = h. Calculate the greatest common divisor of h and 234.
26
Suppose 2*y + y = -9. Let b be 4/(32/20)*(9 + y). Calculate the highest common factor of b and 3.
3
Let a(m) = 3*m + 3. Let y be a(7). Let p = 48 + -44. Suppose -p*u = -22 - 10. What is the greatest common divisor of u and y?
8
Let r be 2*(-5)/((-10)/(-32)). Let q = r + 47. Calculate the highest common divisor of 105 and q.
15
Let b be (-57)/171 - 32/(-6). What is the highest common divisor of 45 and b?
5
Let x(u) = -13*u - 5. Let z be x(-2). Suppose 2*d = 5*q - 36, -48*d + 39 = 5*q - 51*d. Calculate the highest common factor of q and z.
3
Suppose 10*q - 5*q = 130. Suppose -q*s = -28*s + 152. What is the greatest common divisor of s and 19?
19
Let j = 89 - -9. What is the greatest common divisor of j and 182?
14
Let h be (-456)/(-28) - (-2)/(-7). Suppose -2*q - 2 - 2 = 0. Let a be 5*(138/5 + q). Calculate the highest common factor of h and a.
16
Suppose 4*o - 3*k - 110 - 75 = 0, 4*k = 3*o - 130. Suppose -4*f - 34 - 34 = 0. Let h = f + 37. Calculate the highest common divisor of h and o.
10
Suppose -51*u - 1949 = -54*u - 5*i, -3*u = -3*i - 1941. Calculate the highest common divisor of u and 96.
24
Suppose t - 4*j - 337 = 291, 2*j + 2526 = 4*t. Calculate the highest common divisor of 8 and t.
8
Let u(r) = 2*r**2 - 5*r + 3. Let c be u(4). Let s(x) = 106*x - 167. Let k be s(2). What is the greatest common divisor of c and k?
15
Suppose -5*t = 5*a - 675, 0 = -4*t - a + 2*a + 525. Let b = 18 - 6. Calculate the highest common factor of b and t.
12
Let n be (-4 - -1)/((-3)/52). Suppose 11*a = 13*a - 4*i - 130, 4*i - 65 = -a. What is the greatest common divisor of a and n?
13
Suppose 2*i + 2 = 2*f, -18 = i - 3*i - 3*f. Let w be (-13)/(i - (8 + -4)). What is the highest common divisor of 39 and w?
13
Let m = -33 - -82. Let k = m + -46. Let y be 1/(1 + 0) + 20. Calculate the greatest common divisor of y and k.
3
Suppose 7*k - 33 = 156. Let o be 21 - (-3)/4*-4. Calculate the highest common factor of o and k.
9
Suppose -53 = 4*l - 17. Let j be -6*((-6)/4 - -1) - l. What is the greatest common factor of j and 42?
6
Suppose -491 = 46*r - 1319. Suppose -4*p + 480 + 96 = 0. What is the greatest common factor of r and p?
18
Let k = -1867 + 2248. What is the greatest common divisor of 889 and k?
127
Suppose 0 = 5*c - 5*x - 650, c + 2*x - 526 = -3*c. Let t = c - 96. Calculate the greatest common divisor of t and 175.
35
Let j = 16 - 8. Let p(y) = y**3 - 5*y**2 - 5*y + 2. Let w be (10/(-15))/(1/(-9)). Let t be p(w). Calculate the highest common divisor of j and t.
8
Suppose -15*n - 1428 = -22*n. Calculate the highest common divisor of 51 and n.
51
Let l be 1606/66 - 2/6. What is the highest common divisor of 1032 and l?
24
Let i be 7/((-210)/(-724)) - (-2)/(-15). What is the greatest common factor of 1176 and i?
24
Let q be ((-396)/24 - -12)*232/(-2). Calculate the greatest common factor of 290 and q.
58
Let k(f) = -f + 28. Let x be k(-12). Let n = x - 1. What is the greatest common divisor of 39 and n?
39
Suppose 4*t + 4*z - 36 = 0, -t + 3*z - 7 = t. Calculate the greatest common divisor of 20 and t.
4
Let i be 4770/14 - 48/(-168). What is the greatest common divisor of 11 and i?
11
Let c be (-2)/(-5) - -2*(-86)/(-20). Suppose -5*x + 2 = -13. Let r = x + c. Calculate the highest common divisor of r and 8.
4
Let g(o) = -9*o - o**3 - o**3 + o**3 + 12*o**2 - 7. Let x be g(11). Let r be (-6)/(-15) + (-1646)/(-10). What is the highest common divisor of r and x?
15
Let m(l) = -15*l**3 - 2*l**2 - 11*l - 17. Let k be m(-3). What is the greatest common factor of 13 and k?
13
Suppose 11*l - 16*l - 25 = 0, 4*k - 1590 = -2*l. Calculate the greatest common factor of 50 and k.
50
Let j(s) = s**3 + 7*s**2 + 2*s - 17. Let f be j(-6). Calculate the greatest common divisor of 21 and f.
7
Suppose -4*c + 3*c = -126. What is the greatest common divisor of 84 and c?
42
Let c be 2/(-8) + 23427/76. What is the greatest common factor of 88 and c?
44
Suppose -50 = 35*p - 40*p. What is the highest common fa